to base 11.
-2
-2 (base 12) to base 6
-2
-102 (base 6) to base 16
-26
Convert -12 (base 11) to base 13.
-10
Convert -100 (base 3) to base 12.
-9
-62 (base 11) to base 13
-53
What is 14 (base 5) in base 3?
100
0 (base 3) to base 7
0
Convert -51 (base 6) to base 4.
-133
10001 (base 2) to base 13
14
Convert 1 (base 9) to base 5.
1
Convert 35 (base 12) to base 6.
105
Convert 1100 (base 2) to base 13.
c
Convert -233 (base 4) to base 15.
-32
Convert 0 (base 7) to base 16.
0
Convert -120 (base 9) to base 2.
-1100011
What is 105 (base 9) in base 4?
1112
-30 (base 15) to base 9
-50
Convert 33 (base 4) to base 3.
120
What is -45 (base 7) in base 10?
-33
Convert 0 (base 4) to base 10.
0
Convert 40 (base 11) to base 8.
54
Convert 101 (base 3) to base 9.
11
What is 2 (base 5) in base 2?
10
0 (base 10) to base 12
0
-1212 (base 3) to base 7
-101
3 (base 7) to base 12
3
Convert -196 (base 12) to base 10.
-258
15 (base 8) to base 10
13
What is 1 (base 5) in base 14?
1
Convert 3 (base 7) to base 8.
3
Convert 34 (base 16) to base 11.
48
Convert 10 (base 9) to base 3.
100
15 (base 16) to base 14
17
What is -2220 (base 3) in base 14?
-58
What is -5 (base 14) in base 3?
-12
-6 (base 12) to base 6
-10
What is -109 (base 13) in base 12?
-12a
What is 35 (base 13) in base 9?
48
Convert 15 (base 6) to base 9.
12
Convert 304 (base 6) to base 3.
11011
Convert 61 (base 9) to base 5.
210
What is -14 (base 7) in base 9?
-12
Convert -b4 (base 12) to base 7.
-253
263 (base 8) to base 11
153
-100 (base 4) to base 3
-121
26 (base 16) to base 5
123
Convert 3233 (base 4) to base 15.
10e
-143 (base 10) to base 5
-1033
What is -36 (base 7) in base 5?
-102
22b (base 13) to base 16
177
5 (base 7) to base 16
5
What is -435 (base 8) in base 16?
-11d
What is -8b (base 12) in base 3?
-10222
Convert -20 (base 11) to base 14.
-18
What is -111 (base 2) in base 9?
-7
Convert 6 (base 10) to base 12.
6
What is 11100 (base 2) in base 8?
34
-22021 (base 3) to base 8
-337
-11 (base 8) to base 9
-10
Convert 0 (base 9) to base 5.
0
What is 1 (base 11) in base 4?
1
Convert -3 (base 13) to base 16.
-3
Convert -b5 (base 15) to base 9.
-208
What is -3 (base 15) in base 5?
-3
Convert 5 (base 14) to base 4.
11
30 (base 10) to base 3
1010
1 (base 4) to base 15
1
Convert 17 (base 12) to base 2.
10011
342 (base 5) to base 3
10121
Convert -2 (base 8) to base 11.
-2
Convert 0 (base 3) to base 14.
0
5 (base 7) to base 6
5
What is -142 (base 9) in base 4?
-1313
Convert -1223 (base 5) to base 14.
-d6
-10010101 (base 2) to base 9
-175
2a (base 11) to base 2
100000
Convert 3 (base 12) to base 13.
3
What is 1001110 (base 2) in base 9?
86
Convert -1 (base 15) to base 6.
-1
What is 4a (base 11) in base 2?
110110
What is 111 (base 9) in base 10?
91
Convert 20 (base 4) to base 3.
22
What is -112 (base 3) in base 4?
-32
-3 (base 10) to base 12
-3
110 (base 2) to base 13
6
What is -44 (base 9) in base 6?
-104
-32 (base 7) to base 13
-1a
Convert 402 (base 5) to base 12.
86
Convert -20 (base 3) to base 8.
-6
2 (base 15) to base 5
2
Convert -b7 (base 15) to base 7.
-334
What is 17 (base 10) in base 2?
10001
Convert -31 (base 4) to base 2.
-1101
Convert 32 (base 7) to base 14.
19
16b (base 12) to base 16
e3
What is 4 (base 8) in base 10?
4
42 (base 11) to base 4
232
What is -16 (base 16) in base 13?
-19
What is 5 (base 9) in base 11?
5
Convert 11120 (base 3) to base 5.
443
-221 (base 4) to base 3
-1112
-1b (base 16) to base 4
-123
What is 1 (base 6) in base 3?
1
What is 41 (base 7) in base 8?
35
What is 6 (base 9) in base 6?
10
What is 1 (base 5) in base 3?
1
1 (base 6) to base 15
1
Convert -4 (base 5) to base 10.
-4
-1a (base 14) to base 3
-220
1a (base 16) to base 6
42
-1b (base 13) to base 4
-120
-142 (base 6) to base 10
-62
Convert -44 (base 11) to base 2.
-110000
What is 0 (base 9) in base 16?
0
What is 13 (base 11) in base 14?
10
0 (base 7) to base 16
0
62 (base 11) to base 4
1010
Convert -5 (base 7) to base 10.
-5
What is -1 (base 9) in base 8?
-1
Convert -4 (base 8) to base 13.
-4
What is -5 (base 8) in base 9?
-5
Convert 0 (base 15) to base 2.
0
Convert 114 (base 9) to base 7.
163
Convert 6 (base 8) to base 10.
6
What is 20 (base 6) in base 11?
11
What is -4 (base 5) in base 10?
-4
-b (base 13) to base 3
-102
Convert 111 (base 2) to base 11.
7
30 (base 13) to base 15
29
What is -2 (base 10) in base 9?
-2
What is 65 (base 7) in base 16?
2f
What is 1 (base 6) in base 13?
1
Convert 1 (base 12) to base 13.
1
Convert -6 (base 15) to base 13.
-6
Convert -444 (base 5) to base 12.
-a4
8 (base 11) to base 5
13
What is 213 (base 10) in base 7?
423
Convert 3 (base 6) to base 8.
3
111 (base 2) to base 14
7
Convert -212 (base 8) to base 16.
-8a
17 (base 9) to base 2
10000
10 (base 4) to base 9
4
Convert 8 (base 12) to base 8.
10
What is 152 (base 15) in base 6?
1222
What is d (base 16) in base 7?
16
187 (base 11) to base 15
e6
-6 (base 8) to base 5
-11
Convert 2 (base 8) to base 13.
2
Convert -11 (base 2) to base 9.
-3
-2 (base 10) to base 2
-10
6b (base 15) to base 13
7a
What is -31 (base 9) in base 15?
-1d
What is -131 (base 13) in base 9?
-252
-17 (base 9) to base 2
-10000
-15 (base 7) to base 8
-14
-4 (base 11) to base 15
-4
What is 2 (base 14) in base 13?
2
What is 7 (base 8) in base 4?
13
What is -2 (base 14) in base 10?
-2
210 (base 7) to base 2
1101001
What is 3 (base 7) in base 2?
11
-1010100 (base 2) to base 13
-66
-5 (base 8) to base 12
-5
-54 (base 9) to base 4
-301
12 (base 7) to base 2
1001
What is 5 (base 16) in base 12?
5
What is 153 (base 9) in base 14?
93
-1 (base 16) to base 14
-1
Convert -186 (base 13) to base 11.
-234
Convert 61 (base 15) to base 9.
111
What is 5 (base 16) in base 13?
5
11 (base 5) to base 9
6
-1a (base 15) to base 2
-11001
Convert -200 (base 3) to base 13.
-15
What is 101 (base 2) in base 6?
5
What is 11 (base 3) in base 16?
4
What is -1 (base 6) in base 9?
-1
Convert -24 (base 11) to base 8.
-32
Convert -6 (base 13) to base 10.
-6
Convert 3 (base 15) to base 10.
3
What is -3c (base 14) in base 3?
-2000
2 (base 16) to base 4
2
37 (base 13) to base 2
101110
-118 (base 12) to base 6
-432
Convert -25 (base 12) to base 2.
-11101
What is -101 (base 6) in base 10?
-37
Convert 1 (base 15) to base 5.
1
-341 (base 8) to base 16
-e1
b (base 16) to base 6
15
-2 (base 4) to base 6
-2
Convert 4 (base 14) to base 3.
11
Convert -c (base 13) to base 9.
-13
What is 133 (base 12) in base 3?
20210
Convert -1111 (base 2) to base 9.
-16
What is 2 (base 9) in base 4?
2
1 (base 12) to base 3
1
Convert 2 (base 4) to base 6.
2
Convert a (base 13) to base 2.
1010
Convert -18 (base 11) to base 16.
-13
Convert 1001000 (base 2) to base 16.
48
Convert 243 (base 7) to base 10.
129
3 (base 13) to base 11
3
What is -370 (base 8) in base 2?
-11111000
What is 3 (base 11) in base 6?
3
What is -2 (base 13) in base 11?
-2
116 (base 7) to base 9
68
-4 (base 9) to base 4
-10
4 (base 12) to base 15
4
-5 (base 15) to base 7
-5
What is -10 (base 7) in base 8?
-7
-10 (base 10) to base 11
-a
Convert -14 (base 7) to base 12.
-b
5 (base 13) to base 15
5
What is -3 (base 13) in base 15?
-3
-9 (base 12) to base 15
-9
201 (base 3) to base 2
10011
Convert a (base 11) to base 4.
22
-142 (base 7) to base 15
-54
62 (base 8) to base 5
200
-2 (base 10) to base 11
-2
-10 (base 3) to base 15
-3
Convert -200 (base 4) to base 3.
-1012
110 (base 2) to base 12
6
What is -24 (base 8) in base 7?
-26
What is 12 (base 11) in base 4?
31
What is 111 (base 3) in base 15?
d
What is 4 (base 14) in base 12?
4
9f (base 16) to base 8
237
What is 3 (base 6) in base 10?
3
1 (base 8) to base 2
1
-2 (base 6) to base 7
-2
What is -10 (base 4) in base 10?
-4
1 (base 3) to base 8
1
Convert -b (base 15) to base 8.
-13
What is 1b8 (base 12) in base 6?
1152
What is 10100 (base 2) in base 5?
40
What is -77 (base 12) in base 6?
-231
Convert 2021 (base 4) to base 7.
254
What is -3 (base 8) in base 9?
-3
Convert -36 (base 8) to base 3.
-1010
Convert 60 (base 15) to base 16.
5a
What is -250 (base 6) in base 15?
-6c
What is -52 (base 8) in base 11?
-39
What is 15 (base 15) in base 8?
24
110011 (base 2) to base 6
123
-6 (base 9) to base 6
-10
Convert 150 (base 7) to base 5.
314
-36 (base 10) to base 15
-26
-5 (base 15) to base 14
-5
What is -2 (base 5) in base 6?
-2
What is 3